 of l(-18)?
1
Let i(s) = 8*s + 147. What is the units digit of i(-14)?
5
Let f(l) be the first derivative of -6*l**2 - 5 - 4*l - 1/3*l**3. What is the units digit of f(-8)?
8
Let h(t) = -t**2 - 15*t - 12. Let y be h(-14). Suppose 4*l - 56 = -3*p, 0 + y = l. What is the tens digit of p?
1
Let j = 105 + -169. Let u(v) = -30*v**2 + 4*v + 1. Let s be u(-1). Let o = s - j. What is the tens digit of o?
3
What is the tens digit of 1 + 10 + 2297 + -6?
0
Let m(f) be the first derivative of f**3 - 9*f**2/2 + 6*f - 12. What is the units digit of m(-4)?
0
Let s(h) = 3*h - 2. Let r be s(2). Let a be 1/(1 + (-12)/14). Suppose r*g + 54 = a*g. What is the tens digit of g?
1
Let v = -67 + -5. Suppose 5*g = 5*s - 534 - 1, g = -2*s + 229. Let z = s + v. What is the units digit of z?
0
Let q be 21/12 - 3/(-12). Suppose -150 = -3*w + 3*s, 0*w = -q*w + 3*s + 100. What is the tens digit of w?
5
Suppose 9 = 3*v - 93. Let a = v + -30. Suppose a*r - 52 - 85 = 5*n, 0 = 5*r - 4*n - 169. What is the tens digit of r?
3
What is the tens digit of (-1179)/(-2) + (39/6 - 6)?
9
Let l be 12/15*(-10)/(-4). Let b be (l + (-3)/2)*-92. Let q = -24 - b. What is the units digit of q?
2
Suppose 4*z = b + 808, -4*b = -3*z + b + 606. Let n = -142 + z. What is the tens digit of n?
6
Suppose 0*h + 4*h = 28. Suppose -5*w = -h*i + 2*i + 490, -4*i + 393 = -5*w. What is the tens digit of i?
9
What is the hundreds digit of 8/(-24) + (5 - (-12880)/12)?
0
Let m be 2/8 - (-4)/((-80)/(-1735)). Let p = -28 + m. What is the units digit of p?
9
Let m(r) = -r**3 - 7*r**2 + r + 5. Let b be m(-4). Suppose 0 = 15*j - 25*j + 1160. Let n = j + b. What is the tens digit of n?
6
Let z be 6 - 4 - (-30)/(-3). What is the units digit of z/(-2) + (134 - 1)?
7
Let s(l) = l**3 + l**2 - l - 1. Let j be s(-1). Suppose j*q + 2*u + 34 = q, -3*q + 106 = -4*u. What is the units digit of q?
8
Let i(r) = r**3 + 3*r**2 - 4*r - 2. Suppose w - 5 + 1 = 0. Let v be i(w). Suppose -v = -3*m - 10. What is the tens digit of m?
2
Let h = 774 - 343. What is the units digit of h?
1
Let d(b) = -b**3 - 8*b**2 + 6*b + 1. Suppose 5*w - 10*w - 45 = 0. What is the tens digit of d(w)?
2
Suppose 3*b + 2*k = 1584, 0 = -2*b + 3*k - 7 + 1076. What is the units digit of b?
0
Suppose -5*x = 4*b - 287, -3*x - 3*b = 2*x - 284. Suppose -4*l + x = -5*u, 4*l - 2*u - 50 = -4. Suppose l*w = 14*w - 152. What is the units digit of w?
8
Let k be 1/(-4) - (-1 + (-6671)/28). Suppose 5*c + 4*a - 128 - k = 0, 2*c = 5*a + 160. What is the units digit of c?
5
Let s = 867 - 443. What is the tens digit of s?
2
Let f(w) = 11*w. Let i be f(3). Let x be 6/i + 60/33. What is the units digit of -1*21*x/(-3)?
4
Suppose 17*d - 20*d + 3*o = -5496, 7308 = 4*d + o. What is the hundreds digit of d?
8
Let s = -110 - -206. Suppose -a = -3*j + 139, 5*a - 4*a - s = -2*j. What is the units digit of j?
7
Let i = -3967 - -6012. What is the thousands digit of i?
2
Let r = -945 + 1657. What is the tens digit of r?
1
What is the hundreds digit of (24/(-16))/(3/(-2884))?
4
Suppose -2*x = 4*t + 112, -4*t = -6 - 2. What is the tens digit of ((-260)/x)/(2/6)?
1
Let d(q) = 15*q + 12. Let o(r) = -29*r - 23. Let f(v) = 7*d(v) + 3*o(v). Let n be f(5). Suppose 9*s = 2*s + n. What is the tens digit of s?
1
Suppose 0*p + 4*p - 200 = 0. Let t be (2/4)/((-9)/432). Let r = t + p. What is the tens digit of r?
2
Suppose 69*q - 77*q + 888 = 0. What is the tens digit of q?
1
Suppose 5*s + 43 = -2*b, 5*b = -4*s - 1 - 98. Let q = b - -21. What is the units digit of (-242)/(-33) - q/6?
7
Let d(l) = -3*l + 4*l - 5*l**2 - 8*l**2 - 12 + 14*l**2. Let s be d(-5). What is the tens digit of 712/12 + s/12?
6
Suppose 0 = 14*h - 2930 - 3090. What is the hundreds digit of h?
4
Let x be 18*(0 + (-13)/(-2)). Let y = -966 + 990. Suppose r + 113 = 4*s, -3*r = 4*s - x + y. What is the tens digit of s?
2
Let w = 71 + -60. Suppose -848 = -w*r - 111. What is the units digit of r?
7
Let s = 17 - 13. Let f be (-3 - s)*1 - 0. Let k(b) = b**3 + 6*b**2 - 14*b - 7. What is the units digit of k(f)?
2
Let a(c) = c + 9. Let y(l) = -l**3 + 8*l**2 - 2*l + 15. Let v be y(8). Let s be ((-21)/6)/(v/(-2)). What is the units digit of a(s)?
2
Let u be 41 - (1 + (2 - 6)). Let y be (11/(u/(-312)))/(-2). What is the units digit of (y - 2) + 12/(-4)?
4
Suppose 490 + 508 = 2*d. What is the units digit of d?
9
Let m(l) = 14*l - 5. Let v be m(1). Suppose v*g - 8*g = 122. What is the tens digit of g?
2
Let g(x) = -x**3 + 9*x**2 + 14*x - 25. Let i be g(8). Suppose 3*r - i = 2*y, -r + 23 + 33 = 5*y. What is the tens digit of r?
5
Let n be -26 + (-4)/6*-3. What is the tens digit of 2/(5/(-100)*n/9)?
1
Let p be 5 + 12/(-3) + 2. Suppose 0 = p*q - 3, 3*q - 2 + 5 = 3*b. Suppose 4*o + x + 59 = 259, -4*o - b*x + 196 = 0. What is the units digit of o?
1
Let s = 12807 + -8753. What is the tens digit of s?
5
Let w = 45 + -43. Suppose m - 124 = 4*k, -m - w*k - k = -103. What is the hundreds digit of m?
1
Let o be 89 - (-11 - 4)/(-5). Suppose 3*l - o = 2*l. What is the tens digit of l?
8
Let h be 13/(-2)*(-1 + (-1)/1). Suppose 0 = -h*b - 280 + 1398. What is the tens digit of b?
8
Suppose 3*a = m - 265, 5*a - 2*a + 1024 = 4*m. What is the hundreds digit of m?
2
Let u = 104 - 109. Let g(m) = 2*m**2 - 5*m - 27. What is the units digit of g(u)?
8
Suppose 18 = -2*d - 4*d. What is the units digit of (-64 - (-3 - d))*(-35)/20?
2
Let x = -2748 + 5788. What is the tens digit of x?
4
What is the tens digit of 134/(49/(-28) + 2)?
3
Let n(l) = l**2 - 4*l + 12. Suppose -5*j + 0 - 20 = 5*f, 2*j = -4*f - 4. What is the tens digit of n(j)?
7
Let i(u) = 22*u - 5. Suppose -14 = -2*r + 2*v, -2*v = -5*r - 0*r + 26. What is the tens digit of i(r)?
8
Let i = -61 - -65. Let b(d) = -d**2 + 12*d + 3. What is the tens digit of b(i)?
3
Let g be (-58)/(-3) + -2 + 8/12. Suppose -g = -m - 5. What is the tens digit of m?
1
Let u = -331 + 1006. What is the units digit of u?
5
What is the tens digit of (-4 + (-4 - -4) + 5)*85?
8
Suppose -5*q + 853 = -4*k, -5*k + 5*q = 2*q + 1050. Let v = 326 + k. What is the units digit of v?
9
Suppose -20*h - 32 = -16*h. Let m = 21 - 13. What is the tens digit of 90/m + h/32?
1
Let a(u) = u**3 + 2*u**2 - 3*u. Let v be a(-3). What is the tens digit of v - (-93 - (-16)/(-4))?
9
Let j be (4/(-4) + 1)/2. Let u(k) = 3*k**3 + 2 - 2*k**2 + 2*k - 2*k**2 + j*k**2. What is the units digit of u(3)?
3
Suppose 270*p - 116*p - 502040 = 0. What is the tens digit of p?
6
Suppose 0 = 5*l + l - 24. Suppose 5*a = 5*k - 65, -15 = l*a + 5. What is the tens digit of 2/k - 143/(-4)?
3
What is the hundreds digit of (-72)/12 - (5 + -5344) - -4?
3
Let d(v) = 68*v + 840. What is the units digit of d(31)?
8
Let b be 15/(-3*(-3)/(-9)). Let x = b + 20. Suppose j - x*j = -220. What is the units digit of j?
5
Let d(w) be the second derivative of -11*w**3/3 - 35*w**2/2 + 32*w. What is the tens digit of d(-5)?
7
Let f(y) be the third derivative of -y**5/60 - y**4/2 - y**3/6 + 2*y**2. What is the tens digit of f(-11)?
1
Let p(n) = -15*n - 72. Let r be p(-5). Suppose 0*b + 104 = a - r*b, -3*b = -3*a + 324. What is the units digit of a?
0
Let w(c) = -c**2 + 14*c + 18. Suppose 0 = 3*t + 3*j - 33, 2*t - 3*j = t + 23. Let z be 200/t + 10/(-35). What is the units digit of w(z)?
8
Let q(j) = 12*j**2 - 6*j - 142. What is the hundreds digit of q(-8)?
6
Let l(c) be the first derivative of c**3/3 + 15*c + 4. Let j(u) = -u**2 - 6*u - 5. Let f be j(-5). What is the tens digit of l(f)?
1
Let u(a) = 5*a - 77. Suppose -6*r + 41 + 97 = 0. What is the units digit of u(r)?
8
Let k(f) = 6 - 6 + f**2 + 5 + f. Let v be k(6). Let l = -16 + v. What is the units digit of l?
1
Suppose -3*h = h + 2*n - 3344, -2*n - 4162 = -5*h. What is the hundreds digit of h?
8
Let p = -12 - -17. Let j(y) = y**3 - 3*y**2 + 3*y + 4. Let n be j(p). Suppose -5*m + 2*m + n = 0. What is the units digit of m?
3
Suppose g - 10*h + 15*h = 983, -5*g = 5*h - 4995. What is the tens digit of g?
0
Let l(s) = s**3 - 2*s**2 + 12*s + 10. What is the hundreds digit of l(7)?
3
Let s = 869 - -1686. What is the tens digit of s?
5
Let g(t) = t - 7. Let z(r) = -3*r + 27. Let u(d) = -9*g(d) - 2*z(d). What is the tens digit of u(-9)?
3
Let j = -4 + 8. Let o be (j + (-34)/8)*-16. Suppose o*v - v = 138. What is the units digit of v?
6
Let p(m) be the second 